+ 4*p + 2. Determine j(-3).
26
Let w(d) = -2*d - 19. What is w(-11)?
3
Let o(q) = -q**3 - q**2 - q + 83. Give o(0).
83
Let a(w) = -w**2 + 3*w + 6. Determine a(6).
-12
Let u(q) = -3*q**3 - 19*q**2 - 6*q + 5. Determine u(-6).
5
Let c(p) = 2*p + 29. Give c(-11).
7
Let x(r) = -r**2 + 22*r + 77. What is x(24)?
29
Let h(a) = -100*a**2 - a. What is h(1)?
-101
Let b(m) = 3*m - 46. Calculate b(21).
17
Let p(n) = n + 6. What is p(-6)?
0
Let m(q) = -2*q - 10. Give m(-8).
6
Let y(k) = 8*k + 246. Determine y(-32).
-10
Let c(q) = q - 4. Determine c(5).
1
Let k(f) = 3*f - 2. Determine k(-4).
-14
Let f(o) = -6*o**2 + 47*o - 13. Determine f(8).
-21
Let c(w) = w**3 + 7*w**2 + 22*w + 29. Determine c(-4).
-11
Let z(f) = 20*f**2 - 3*f. Determine z(2).
74
Let s(c) = c**2 + 16*c - 5. Calculate s(-19).
52
Let a(t) = -6*t - 45. Determine a(-8).
3
Let i(r) = r**2 - 4*r - 32. Give i(-7).
45
Let w(q) = 63*q**2 - 123*q - 1. Give w(2).
5
Let b(o) = 8*o - 39. What is b(4)?
-7
Let b(x) = 3*x**3 - 14*x**2 - 5*x - 1. Calculate b(5).
-1
Let c(l) = -3*l**3 + 2*l**2 + 3*l + 1. What is c(-2)?
27
Let k(h) = -2*h**2 + 8. Calculate k(-5).
-42
Let q(u) = 2*u**2 + 12*u + 5. What is q(-6)?
5
Let m(g) = g**2 - 27*g + 43. Determine m(25).
-7
Let k(d) = d - 16. What is k(10)?
-6
Let c(d) = -d + 36. Give c(51).
-15
Let q(s) = s - 5. What is q(9)?
4
Let o(c) = -c**2 + 9*c + 19. Calculate o(11).
-3
Let p(m) = -m**3 - m**2 - m + 30. What is p(0)?
30
Let d(t) = 3*t + 42. Calculate d(0).
42
Let f(z) = -z**2 - 18*z - 28. Determine f(-18).
-28
Let d(v) = -16*v - 9. Determine d(-11).
167
Let p(b) = b - 2. What is p(6)?
4
Let d(b) = -b + 14. Give d(17).
-3
Let k(v) = v**2 - 2*v. What is k(1)?
-1
Let v(t) = -6*t + 5. What is v(-8)?
53
Let t(n) = -3*n - 3. Calculate t(6).
-21
Let h(a) = -a**3 - 42*a**2 - 42*a - 33. Calculate h(-41).
8
Let l(p) = 11*p - 114. Determine l(10).
-4
Let q(a) = -4*a + 6. Calculate q(3).
-6
Let g(r) = -5*r**2 - 37*r + 25. Calculate g(-8).
1
Let s(l) = l**2 + 2*l - 4. Give s(-3).
-1
Let j(o) = -o**3 - 3*o**2 + 5*o. Calculate j(-4).
-4
Let t(r) = -3*r**2 + 66*r + 66. Calculate t(23).
-3
Let f(u) = 6*u - 3. Determine f(-4).
-27
Let k(w) = w**3 + 29*w**2 + 77*w - 34. Determine k(-26).
-8
Let b(p) = 3*p - 70. Give b(22).
-4
Let m(k) = -k**3 + 40*k**2 - 233*k + 60. What is m(33)?
-6
Let z(r) = r**2 + 4*r. Give z(-7).
21
Let b(a) = -a**3 - 24*a**2 + 21*a - 101. Calculate b(-25).
-1
Let y(w) = w**3 + 9*w**2 + 9*w + 3. Determine y(-8).
-5
Let q(c) = 4*c**2 - 7*c + 19. Give q(3).
34
Let w(n) = 2*n**3 + 4*n**2 + 17*n + 29. Calculate w(-2).
-5
Let t(v) = -3*v + 1. What is t(6)?
-17
Let v(i) = -21*i - 58. What is v(-3)?
5
Let u(h) = h**3 - h + 31. Determine u(0).
31
Let r(n) = n**2 - 3*n - 7. Determine r(-2).
3
Let i(l) = 18*l - 4. Calculate i(4).
68
Let u(l) = -3*l**2 - 6*l - 7. Give u(-2).
-7
Let w(c) = -c**3 + 8*c**2 - 14*c - 6. What is w(5)?
-1
Let j(y) = y**2 + 13*y - 3. Determine j(-12).
-15
Let z(p) = 2*p**3 - 16*p**2 + 4*p - 27. Calculate z(8).
5
Let w(m) = -m**2 - 22*m - 89. Determine w(-5).
-4
Let u(a) = 7*a + 9. What is u(4)?
37
Let s(t) = -t**2 - 12*t - 32. Give s(-6).
4
Let g(a) = -5*a + 16. Calculate g(4).
-4
Let x(w) = -w**3 + 4*w**2 + 2*w - 2. Give x(6).
-62
Let t(i) = i**2 + 3*i + 26. Calculate t(0).
26
Let j(g) = g**2 + 10*g. Determine j(-8).
-16
Let l(o) = -4*o - 13. Calculate l(10).
-53
Let k(i) = i**3 + 10*i**2 - 12*i - 2. Calculate k(-11).
9
Let w(s) = 4*s + 2. What is w(-1)?
-2
Let t(g) = 2*g**3 + g**2 - 4*g + 1. Give t(-5).
-204
Let h(q) = 7*q + 43. What is h(-4)?
15
Let h(g) = -7*g**2 - 10*g + 3. Give h(1).
-14
Let t(g) = -3*g**2 + g + 3. Give t(2).
-7
Let w(u) = -u**3 + 6*u**2 - 7*u + 7. Calculate w(5).
-3
Let d(m) = -7*m + 31. What is d(11)?
-46
Let r(j) = -2*j**2 - 11*j - 1. Give r(-7).
-22
Let n(h) = h**2 + 5*h + 10. Determine n(-7).
24
Let v(f) = -f**3 - 11*f**2 + 4*f + 12. Calculate v(-11).
-32
Let t(o) = -2*o**2 - 15*o - 23. What is t(-4)?
5
Let n(j) = j**3 + 4*j**2 - 3*j + 9. What is n(-5)?
-1
Let p(r) = -r + 3. Give p(-5).
8
Let k(o) = 16*o. Determine k(2).
32
Let c(n) = -n**2 - 12*n - 12. Calculate c(-11).
-1
Let p(n) = n**3 - 8*n**2 + 54. Determine p(7).
5
Let x(j) = 2*j - 2. Calculate x(-3).
-8
Let n(u) = -u - 34. What is n(-11)?
-23
Let c(a) = -a**2 + a + 2. Determine c(3).
-4
Let h(y) = y**3 + 10*y**2 - 233*y - 35. What is h(-21)?
7
Let a(g) = -g**3 - 10*g**2 - 2*g - 11. Calculate a(-10).
9
Let x(t) = -t**2 - 9*t + 10. Calculate x(-7).
24
Let m(o) = -o**2 + 21*o - 108. Determine m(14).
-10
Let b(f) = 5*f - 10. Determine b(-2).
-20
Let p(r) = 3*r - 24. What is p(-7)?
-45
Let q(y) = 6*y + 55. Determine q(-11).
-11
Let k(r) = 3*r**3 - 3*r - 2. Calculate k(-2).
-20
Let v(n) = -6*n - 8. What is v(-7)?
34
Let i(o) = -o + 1. Determine i(-6).
7
Let d(t) = -8*t - 23. Determine d(-8).
41
Let w(k) = -k**3 + 18*k**2 + 18*k - 27. Calculate w(19).
-46
Let u(k) = -k**2 - 13*k - 22. Calculate u(-15).
-52
Let v(o) = -6*o + 3. Calculate v(2).
-9
Let q(t) = t**2 + 3*t - 53. What is q(8)?
35
Let p(l) = -l**2 - 17*l + 24. Calculate p(-17).
24
Let z(g) = -g**3 + 27*g**2 - 46*g + 30. What is z(25)?
130
Let o(t) = 13*t + 5. What is o(-4)?
-47
Let w(b) = b**3 - 9*b**2 - 8. What is w(9)?
-8
Let q(y) = y**3 + 19*y**2 + 28*y - 19. What is q(-17)?
83
Let x(t) = 5*t - 26. What is x(6)?
4
Let g(i) = i**3 - 5*i**2 - 9*i - 40. Determine g(7).
-5
Let i(d) = d - 35. Calculate i(17).
-18
Let f(z) = -41*z**2 - 3*z. Determine f(1).
-44
Let y(p) = -63*p + 24. Determine y(-1).
87
Let n(y) = -y**3 - 12*y**2 - 10*y - 15. Calculate n(-11).
-26
Let o(d) = -185*d + 926. What is o(5)?
1
Let k(r) = -r + 4. Give k(7).
-3
Let d(z) = -25*z**2 + z - 1. Calculate d(1).
-25
Let b(m) = -m**2 + 35*m - 26. Calculate b(34).
8
Let h(c) = 7*c + 57. What is h(-7)?
8
Let l(d) = -2*d + 51. Determine l(20).
11
Let d(v) = v**3 + 34*v**2 - v + 30. What is d(-34)?
64
Let w(c) = c**3 - 9*c**2 - 9*c + 4. Calculate w(10).
14
Let r(n) = -9*n + 1. Give r(2).
-17
Let p(h) = -h**2 - 8*h + 2. Give p(-7).
9
Let m(w) = -w**3 + 16*w**2 - 13*w - 43. What is m(15)?
-13
Let t(r) = r**3 - 9*r**2 - 13*r + 35. Give t(10).
5
Let j(k) = k**3 - 3*k**2 - 6*k + 6. Calculate j(4).
-2
Let f(d) = 4*d**2 + 5*d - 7. Give f(2).
19
Let d(a) = 2*a**3 + a**2 - a - 3. Determine d(0).
-3
Let n(y) = y**2 - 19*y + 20. Determine n(18).
2
Let x(t) = -t**3 - 11*t**2 + t + 5. Calculate x(-11).
-6
Let i(t) = t**3 + 7*t**2 + 8*t + 12. Give i(-6).
0
Let l(z) = z**3 + 13*z**2 - 14*z + 10. Calculate l(-14).
10
Let a(q) = -q**2 + 14. Give a(6).
-22
Let d(m) = -8*m + 230. Give d(29).
-2
Let p(i) = -i**3 + 4*i**2 + 4*i - 5. Calculate p(4).
11
Let l(w) = w**2 - 9*w - 15. What is l(7)?
-29
Let o(a) = a**3 + 14*a**2 - 17*a + 1. Calculate o(-15).
31
Let r(z) = z**2 - 9*z + 2. Determine r(13).
54
Let n(p) = -p**3 + 5*p**2 + p - 5. What is n(4)?
15
Let c(x) = -x + 28. Determine c(24).
4
Let k(i) = -4*i**3 + 4*i**2 + 4*i + 3. Give k(-2).
43
Let u(b) = -5*b - 93. What is u(-16)?
-13
Let p(a) = 2*a**2 + a + 1. Give p(-3).
16
Let f(n) = n**2 + 5*n - 3. Calculate f(-7).
11
Let b(z) = -36*z**3 + 3*z + 2. Calculate b(-1).
35
Let r(f) = -17*f - 282. Give r(-17).
7
Let w(d) = -d**2 - 3*d + 20. What is w(-6)?
2
Let n(t) = 7*t - 1. Determine n(-4).
-29
Let u(f) = f**2 + 25*f - 103. Determine u(-29).
13
Let j(c) = -c**2 - 9*c - 16. What is j(-7)?
-2
Let n(v) = 24*v - 2. What is n(0)?
-2
Let y(o) = o**2 + 15*o - 244. Give y(9).
-28
Let q(k) = -k**3 + 11*k**2 + 13*k - 11. Give q(12).
1
Let c(l) = 5*l**2 + 91*l + 178. Determine c(-16).
2
Let d(k) = k**3 + 17*k**2 + 15*k - 21. Calculate d(-16).
-5
Let b(f) = -2*f**3 + 2*f**2 + f. Give b(2).
-6
Let s(q) = -q**3 + 16*q**2 - 2. Calculate s(16).
-2
Let d(m) = -4*m - 14. Give d(-6).
10
Let m(h) = -3*h + 8. Give m(1).
5
Let t(o) = o**2 - 3*o - 7. Give t(-3).
11
Let t(f) = 8*f + 86. What is t(-10)?
6
Let y(t) = 2*t - 6. Give y(5).
4
Let k(f) = 2*f**2 - 5*f + 5. What is k(4)?
17
Let p(u) = -u - 31. What is p(-21)?
-10
Let z(i) = i**2 - 8*i - 5. Determine z(7).
-12
Let t(n) = n**3 - n**2 - n. Calculate t(-1).
-1
Let p(i) = -i**3 + 6*i**2 - 3*i + 13. Give p(6).
-5
Let r(g) = 2*g**3 - 5*g**2 + 5*g + 9. Give r(4).
77
Let k(b) = 4*b**2 - 2*b - 15. Give k(-3).
27
Let a(r) = -r**2 + 8. Calculate a(-4).
-8
Let n(s) = -s**3 + 6*s**2 + s. Calcul